{"id":655,"date":"2024-05-08T11:34:47","date_gmt":"2024-05-08T09:34:47","guid":{"rendered":"https:\/\/4x4-experience.de\/4x4\/?page_id=655"},"modified":"2026-03-19T13:32:40","modified_gmt":"2026-03-19T12:32:40","slug":"island-northern-lights","status":"publish","type":"page","link":"https:\/\/4x4-experience.de\/4x4\/island-northern-lights\/","title":{"rendered":"Island Northern Light"},"content":{"rendered":"<p>[et_pb_section fb_built=&#8220;1&#8243; _builder_version=&#8220;4.23.1&#8243; _module_preset=&#8220;default&#8220; custom_margin=&#8220;0px||-114px||false|false&#8220; custom_padding=&#8220;0px||0px||false|false&#8220; global_colors_info=&#8220;{}&#8220;][\/et_pb_section][et_pb_section fb_built=&#8220;1&#8243; fullwidth=&#8220;on&#8220; prev_background_color=&#8220;#000000&#8243; _builder_version=&#8220;4.23.1&#8243; _module_preset=&#8220;default&#8220; width=&#8220;100%&#8220; width_tablet=&#8220;&#8220; width_phone=&#8220;&#8220; width_last_edited=&#8220;on|phone&#8220; custom_margin=&#8220;130px||0px||false|false&#8220; custom_margin_tablet=&#8220;90px||||false|false&#8220; custom_margin_phone=&#8220;150px|||0px|false|false&#8220; custom_margin_last_edited=&#8220;on|phone&#8220; custom_padding=&#8220;0px||0px||false|false&#8220; top_divider_style=&#8220;mountains2&#8243; top_divider_height=&#8220;19px&#8220; top_divider_repeat=&#8220;1x&#8220; global_colors_info=&#8220;{}&#8220;][et_pb_fullwidth_image src=&#8220;https:\/\/4&#215;4-experience.de\/4&#215;4\/wp-content\/uploads\/2024\/05\/Island-Titelbild-4.jpg&#8220; title_text=&#8220;Island-Northern-Light-mobile&#8220; src_tablet=&#8220;https:\/\/4&#215;4-experience.de\/4&#215;4\/wp-content\/uploads\/2024\/05\/Island-Titelbild-4.jpg&#8220; src_phone=&#8220;https:\/\/4&#215;4-experience.de\/4&#215;4\/wp-content\/uploads\/2024\/07\/Island-Northern-Light-mobile.jpg&#8220; src_last_edited=&#8220;on|phone&#8220; _builder_version=&#8220;4.23.1&#8243; _module_preset=&#8220;default&#8220; custom_margin=&#8220;0px||0px||false|false&#8220; custom_padding=&#8220;0px||0px||false|false&#8220; global_colors_info=&#8220;{}&#8220;][\/et_pb_fullwidth_image][\/et_pb_section][et_pb_section fb_built=&#8220;1&#8243; _builder_version=&#8220;4.23.1&#8243; _module_preset=&#8220;default&#8220; custom_margin=&#8220;||-6px|||&#8220; custom_padding=&#8220;||0px|||&#8220; global_colors_info=&#8220;{}&#8220;][et_pb_row column_structure=&#8220;1_3,1_3,1_3&#8243; disabled_on=&#8220;on|on|off&#8220; _builder_version=&#8220;4.23.1&#8243; _module_preset=&#8220;default&#8220; width=&#8220;100%&#8220; max_width=&#8220;1286px&#8220; custom_padding=&#8220;2px|||||&#8220; global_colors_info=&#8220;{}&#8220;][et_pb_column type=&#8220;1_3&#8243; _builder_version=&#8220;4.23.1&#8243; _module_preset=&#8220;default&#8220; global_colors_info=&#8220;{}&#8220;][et_pb_text _builder_version=&#8220;4.23.1&#8243; _module_preset=&#8220;default&#8220; custom_margin=&#8220;|||9px||&#8220; custom_padding=&#8220;|||23px||&#8220; global_colors_info=&#8220;{}&#8220;]<\/p>\n<h2 style=\"text-align: center;\">Telefon\/WhatsApp:<\/h2>\n<h2 style=\"text-decoration: underline; text-align: center;\"><a href=\"tel:+491711443884\">+49-171 144 3884<\/a><\/h2>\n<p>[\/et_pb_text][\/et_pb_column][et_pb_column type=&#8220;1_3&#8243; _builder_version=&#8220;4.23.1&#8243; _module_preset=&#8220;default&#8220; global_colors_info=&#8220;{}&#8220;][et_pb_text _builder_version=&#8220;4.23.1&#8243; _module_preset=&#8220;default&#8220; custom_padding=&#8220;|30px||||&#8220; global_colors_info=&#8220;{}&#8220;]<\/p>\n<h2 style=\"text-align: center;\">Reise\u00fcbersicht:<\/h2>\n<h2 style=\"text-decoration: underline; text-align: center;\"><a href=\"\/4x4\/termine\">4&#215;4 Offroad Termine<\/a><\/h2>\n<p>[\/et_pb_text][\/et_pb_column][et_pb_column type=&#8220;1_3&#8243; _builder_version=&#8220;4.23.1&#8243; _module_preset=&#8220;default&#8220; global_colors_info=&#8220;{}&#8220;][et_pb_text _builder_version=&#8220;4.23.1&#8243; _module_preset=&#8220;default&#8220; custom_margin=&#8220;|||-41px||&#8220; custom_padding=&#8220;|115px||||&#8220; global_colors_info=&#8220;{}&#8220;]<\/p>\n<h2 style=\"text-align: center;\">Beratung\/Anmeldung:<\/h2>\n<h2 style=\"text-decoration: underline; text-align: center;\"><a href=\"\/4x4\/anmeldeformular-2025\">ANMELDEFORMULAR<\/a><\/h2>\n<p>[\/et_pb_text][\/et_pb_column][\/et_pb_row][\/et_pb_section][et_pb_section fb_built=&#8220;1&#8243; _builder_version=&#8220;4.23.1&#8243; _module_preset=&#8220;default&#8220; custom_padding=&#8220;14px||0px|||&#8220; global_colors_info=&#8220;{}&#8220;][et_pb_row column_structure=&#8220;2_3,1_3&#8243; _builder_version=&#8220;4.23.1&#8243; _module_preset=&#8220;default&#8220; width_tablet=&#8220;&#8220; width_phone=&#8220;90%&#8220; width_last_edited=&#8220;on|phone&#8220; custom_margin_tablet=&#8220;&#8220; custom_margin_phone=&#8220;|||15px|false|false&#8220; custom_margin_last_edited=&#8220;on|phone&#8220; custom_padding=&#8220;3px|||||&#8220; global_colors_info=&#8220;{}&#8220;][et_pb_column type=&#8220;2_3&#8243; _builder_version=&#8220;4.23.1&#8243; _module_preset=&#8220;default&#8220; global_colors_info=&#8220;{}&#8220;][et_pb_text _builder_version=&#8220;4.27.4&#8243; _module_preset=&#8220;default&#8220; global_colors_info=&#8220;{}&#8220;]<\/p>\n<h1 style=\"margin-bottom: 15px;\">Island &#8222;Fire &amp; Ice Northern Lights&#8220;<br \/>4&#215;4 Reise &#8211; Hotel<\/h1>\n<h2>Island Bespoke &#8211; offene Gruppe mit 5 bis 6 Teilnehmer-Fahrzeugen<\/h2>\n<p>Eure unvergessliche Reise gef\u00fchrte Offroadreise im Winter auf Island. Ich m\u00f6chte Euch einstimmen was auf Euch zu kommen k\u00f6nnte.<\/p>\n<p>Die gef\u00fchrte Offroad Reise startet mit einem Direktflug mit Icelandair ab Deutschland. Die Tickets bucht Ihr bitte selbst. (Fr\u00fcher Vogel f\u00e4ngt den Wurm\/ Business Class f\u00fcr \u20ac 600 ab Berlin oder Frankfurt). Ihr werdet am internationalen Flughafen in Island empfangen und in Euer luxuri\u00f6ses Hotel &#8222;Grandi by Center Hotels&#8220; in der Hauptstadt, Reykjavik, mit einem Taxi gebracht. Das gemeinsame abendliche Essen im \u00e0 la carte Restaurant wird eine Gelegenheit sein, die unvergleichliche kulinarische Vielfalt Islands zu erleben.<\/p>\n<p>Ihr m\u00f6gt denken, Ihr habt die K\u00e4lte und die raue Sch\u00f6nheit der Natur schon erlebt. Doch was Euch in Island erwartet, wird Eure Vorstellungskraft sprengen. Ein neut\u00e4giges Abenteuer, das Euch bis tief in eure Seele ber\u00fchren wird, steht Euch bevor und startet am Sonntag mit der \u00dcbernahme und Unterweisung Eurer Gel\u00e4ndewagen mit einer 37 &#8220; Bereifung.<\/p>\n<h2>Am n\u00f6rdlichen Polarkreis<\/h2>\n<p>Am n\u00e4chsten Morgen fahren wir weiter Richtung Norden um am Mittag entlang der K\u00fcstenstra\u00dfe N1, um Akureyri zu erreichen. Zwischenstopp in der <a href=\"https:\/\/forestlagoon.is\">www.forestlagoon.is<\/a> ist ein &#8222;must have&#8220;. Gegen 17.00 Uhr fahren wir weiter zum M\u00fcckensee und unseren Tagesziel, dem Hochland Hotel Modrular\/Fjalladyro. Zum Hochlandhof geh\u00f6ren 500 Quadratkilometer Land, dreimal so gro\u00df wie Lichtenstein. Hier f\u00fchrt uns der Inhaber und unser Guide Villi mit seinem Gel\u00e4ndewagen in den n\u00e4chsten 5 Tagen durch das verschneite Island. Ein exklusives Erlebnis erwartet Euch.<br \/>Die folgenden Tage werden von den Wetterbedingungen gepr\u00e4gt sein, mit einer Vielzahl von optionalen Aktivit\u00e4ten, von einer Besichtigung einer Eish\u00f6hle bis hin zu einem Bad in einem hei\u00dfen Fluss bei 36-38 \u00b0C der unter dem Gletscher entspringt.Mit unseren Fahrzeugen gibt es quasi kein Halten mehr. Die gro\u00dfe Bereifung und die Spikes helfen uns das Hochland auf jungfr\u00e4ulichen Schnee zu befahren. Manchmal hat es geregnet und der Regen gefriert innerhalb von Minuten zu Eis und \u00fcberzieht Island mit einem 3-4 cm dicken Eispanzer. Starke Winde f\u00fcr die Island bekannt ist erschweren ein durchkommen, der Schnee f\u00e4llt nicht vom Himmel sondern wird in alle Windrichtungen verweht auf dem Weg wie auf dem diesj\u00e4hrigen Scout Tour zum Wasserfall Dettifoos. Der Plan war auf beiden Seiten des Gletscherflusses entlang zu fahren. Nur ein sehr langsames durchkommen auf der 864, nach 5 Stunden und 20 Kilometern haben wir abgebrochen und das Hotel und den Kamin aufgesucht.<\/p>\n<p>Eure Reise durch das Hochland endet am Freitag Abend. Samstag am fr\u00fchen Morgen um 7.00 Uhr geht es \u00fcber N 1 die 300 Kilometer lange Nordroute oder die 500 Kilometer (mit Besuch von Diamond Beach) l\u00e4ngere und sch\u00f6nere S\u00fcdroute zur\u00fcck zum zentral gelegenen Anreise Hotel in Reykjavik , von wo aus ihr am Sonntag mit dem Taxi zum internationalen Flughafen fahren werdet. Last euch einstimmen, was kommt.<br \/>Lasst die Wildheit im Winter von Island eure Seele ber\u00fchren und das Offroad Abenteuer beginnen. Ich bin komplett geflasht nach dieser Woche\u2026<br \/>Zitat eines Teilnehmers: &#8222;Ich habe kaum etwas Sch\u00f6neres erlebt als die morgendliche R\u00fcckfahrt entlang der S\u00fcdk\u00fcste nach Diamond Beach! Der Himmel war lila und der Schnee auch\u2026&#8220;<\/p>\n<p>[\/et_pb_text][et_pb_text _builder_version=&#8220;4.27.6&#8243; _module_preset=&#8220;default&#8220; hover_enabled=&#8220;0&#8243; global_colors_info=&#8220;{}&#8220; sticky_enabled=&#8220;0&#8243;]<\/p>\n<h2>Schwierigkeitsgrad: <span style=\"font-weight: bold; color: #ff9900; font-size: 15pt;\">\u2736\u2736\u2736+<\/span> <span style=\"font-size: 14pt;\">\u2736\u2736<\/span><\/h2>\n<p>Erl\u00e4uterung Schwierigkeitsgrade &gt;&gt;&gt;&gt; <a style=\"color: #000; text-decoration: underline; font-weight: bold;\" href=\"https:\/\/vdord.de\/klassifizierung-von-schwierigkeits-graden-bei-offroad-reisen\/\">HIER<\/a>[\/et_pb_text][\/et_pb_column][et_pb_column type=&#8220;1_3&#8243; _builder_version=&#8220;4.23.1&#8243; _module_preset=&#8220;default&#8220; global_colors_info=&#8220;{}&#8220;][et_pb_gallery gallery_ids=&#8220;666,660,663,665,661,662,664&#8243; show_title_and_caption=&#8220;off&#8220; show_pagination=&#8220;off&#8220; _builder_version=&#8220;4.23.1&#8243; _module_preset=&#8220;default&#8220; custom_padding=&#8220;2px|||||&#8220; global_colors_info=&#8220;{}&#8220;][\/et_pb_gallery][\/et_pb_column][\/et_pb_row][et_pb_row column_structure=&#8220;2_3,1_3&#8243; _builder_version=&#8220;4.23.1&#8243; _module_preset=&#8220;default&#8220; width_tablet=&#8220;&#8220; width_phone=&#8220;90%&#8220; width_last_edited=&#8220;on|phone&#8220; custom_margin=&#8220;-1px|auto||auto||&#8220; custom_margin_tablet=&#8220;-1px|auto||auto||&#8220; custom_margin_phone=&#8220;|||15px|false|false&#8220; custom_margin_last_edited=&#8220;on|phone&#8220; custom_padding=&#8220;10px|||||&#8220; global_colors_info=&#8220;{}&#8220;][et_pb_column type=&#8220;2_3&#8243; _builder_version=&#8220;4.23.1&#8243; _module_preset=&#8220;default&#8220; global_colors_info=&#8220;{}&#8220;][et_pb_text _builder_version=&#8220;4.27.6&#8243; _module_preset=&#8220;default&#8220; custom_margin=&#8220;7px|||||&#8220; hover_enabled=&#8220;0&#8243; global_colors_info=&#8220;{}&#8220; sticky_enabled=&#8220;0&#8243;]<\/p>\n<h2>Reisepreis <\/h2>\n<\/p>\n<p><strong>ab \u20ac 16.500 <\/strong>pro KFZ f\u00fcr 1 Person<strong><br \/>ab \u20ac 17.500 <\/strong>pro KFZ f\u00fcr 2 Personen<\/p>\n<p><b>Treffpunkt: <\/b>Individuelle Anreise mit dem Flugzeug, Abholung vom Flughafen zum Hotel in Reykjavik<br \/><b>Gruppengr\u00f6\u00dfe:<\/b> 5-7 Teilnehmerfahrzeuge \/ bis 2 Personen im Fahrzeug , 3 Guide Fahrzeuge<br \/><b>Schwierigkeitsgrad<\/b> 3 ***+ von 5 *****<br \/><b>Temperaturen<\/b>: 0 Grad Celsius bis &#8211; 20 Grad Celsius<br \/>Windst\u00e4rke 0 &#8211; 8 Beaufort<br \/>Sonnenaufgang\/Morgend\u00e4mmerung ab 8.05 Uhr<br \/>Sonnenuntergang\/Abendd\u00e4mmerung ab 17.35 Uhr<br \/><b><br \/>Ablauf der Reise<\/b>: Abends um 19.00 Uhr Get Together und Abendessen, Selbstzahler. Buchung f\u00fcr die Unterkunft Grandi by Center Hotels auf\u00a0<a href=\"http:\/\/booking.com\/\">Booking.com<\/a>\u00a0an!\u00a0<a href=\"https:\/\/www.booking.com\/Share-P0xAr86\">https:\/\/www.booking.com\/Share-P0xAr86<\/a> f\u00fcr die\u00a0\u00a0Anreise vom 27.2.2026 auf den 28.2.2026 \u00a0Grandi by Center Hotels und die Abreise \u00a0vom 7.3.2026 auf den 8.3.2026.<a href=\"http:\/\/booking.com\/\">Booking.com<\/a>\u00a0an!\u00a0<a href=\"https:\/\/www.booking.com\/Share-kg76oj\">https:\/\/www.booking.com\/Share-kg76oj<\/a><\/p>\n<p>Individuelle Abreise ab dem 8.3.2026<\/p>\n<p>Am fr\u00fchen Morgen des 28.2.2026 \u00a0Flug von Rekjavik \u00a0 National \u00a0\u00a08.15 Uhr nach Akureyri\u00a0i- Rekjavik National \u00a0und den R\u00fcckflug vom Akureyri nach Rekjavik am 7.3.2026 mit Iceland Air \u00a0um 13.55 Uhr\u00a0<a href=\"https:\/\/mt.flightnetwork.com\/rf\/result\">https:\/\/mt.flightnetwork.com\/rf\/result<\/a><\/p>\n<p>\u00dcbernahme der Gel\u00e4ndewagen in Akurery am Flughafen. Dort werden die Fahrzeuge planm\u00e4\u00dfig \u00a0auch wieder zur\u00fcck gebracht.<\/p>\n<p>\u00dcbernachtung im Hochland im Hotel von Villy Fjalladyro\/ Modrudalur im Doppel- oder Einzelzimmer mit Fr\u00fchst\u00fcck und Abendessen. Tags\u00fcber operative Entscheidung zum Thema Mittagspause.<\/p>\n<p>Von Montag Nachmittag bis Donnerstag Morgen stehen nun die \u00a0Gel\u00e4ndewagen mit 39\u201c bzw 42\u201c Bereifung zur Verf\u00fcgung.<\/p>\n<p>Tour Guide ist Villy, der Betreiber des Hochland Hotels, in dem wir \u00fcbernachten. <strong><span style=\"color: #e01106;\">Eine Legende auf Island! &gt;&gt;<\/span><\/strong><span style=\"color: #e02b20;\">\u00a0<span style=\"color: #000000;\"><a href=\"https:\/\/en.wikipedia.org\/wiki\/M%C3%B6%C3%B0rudalur\" style=\"color: #000000;\">en.wikipedia.org\/wiki\/M\u00f6\u00f0rudalur<\/a><\/span><\/span><\/p>\n<p>Er f\u00fchrt unsere Gruppe auf seiner Farm, die 3 mal so gro\u00df ist wie Liechtenstein, an Pl\u00e4tze, die wir nur mit ihm erkunden k\u00f6nnen.<\/p>\n<p>Insgesamt haben wir 2 Tour Guide Fahrzeuge in der Gruppe plus 1 Backup Fahrzeug mit mir als Guide.<\/p>\n<p><strong>Kleidungs- und Ausr\u00fcstungsempfehlungen <\/strong>siehe <a href=\"https:\/\/4x4-experience.de\/4x4\/checkliste-island\/\">Checkliste Island<\/a><\/p>\n<p><strong>Leistungen die im Reisepreis enthalten sind:<\/strong><\/p>\n<ul>\n<li>Gestellung eines Hochlandtauglichen Gel\u00e4ndewagen mit 37\u201c bzw. 42&#8243; Bereifung mit Spikes, CB Funkger\u00e4t Kanal 45, Kompressor und F\u00fcllschlauch,<\/li>\n<li>Reifenluftdruckmesser,Schneeschaufel und Kinetisches Bergseil,<\/li>\n<li>Mietdauer: 7 Tage. Ab Sonntagmorgen bis Samstagabend<\/li>\n<li>Gro\u00dfraumtaxi vom Hotel zum Mietwagen Verleiher, Gro\u00dfraumtaxi vom Mietwagen Verleiher zum Hotel<\/li>\n<li>6 \u00dcbernachtungen im Hochland Hotel im DZ, Halbpension<\/li>\n<li>1 Gel\u00e4ndewagen Landrover Defender 110 37 &#8220; mit Spikes , mit deutschsprachigen Tour Guides\/ eventuelles Ersatzfahrzeug bei einer Havarie<\/li>\n<li>Auf Wunsch k\u00f6nnen Fahrzeuge mit mehr Raumfreiheit und gr\u00f6\u00dferer Bereifung angemietet werden, Preis auf Anfrage.<\/li>\n<li>2 Gel\u00e4ndewagen 42\u201c\/44\u201c mit Spikes, einer Winde, Ausr\u00fcstung zur Hochlandrettung von Sonntag bis Freitag mit Isl\u00e4ndischen Tour Guide\/Hochlandretter<\/li>\n<li>Alle Genehmigungen, um im Hochland Snow Powder driving zu machen, liegen vor (mindestens 2 Tour Guides mit Hochlandausr\u00fcstung f\u00fcr Gel\u00e4ndewagen)<\/li>\n<li>\u00dcbernachtung mit Fr\u00fchst\u00fcck und Abend Essen im Hochland\/ H\u00fctte und Hotel<\/li>\n<li>Kaffee bzw. Tee Pause mit Snacks am Nachmittag<\/li>\n<\/ul>\n<p><strong>Leistungen, die im Reisepreis nicht enthalten sind:<\/strong><\/p>\n<ul>\n<li>\u00dcbernachtung in Reykjavik bei der Anreise und Abreise.<br \/>Es gibt ein Hotel im Zentrum, das wir vorschlagen. Kosten aktuell \u20ac \u00a0295,00 pro Nacht im DZ mit Fr\u00fchst\u00fcck<\/li>\n<li>Reiser\u00fccktrittsversicherung<\/li>\n<li>An-und Abreise mit dem Flugzeug<\/li>\n<li>Transfer mit dem Taxi vom internationalen Flughafen zum Hotel bei der An-Abreise<\/li>\n<li>Abendessen und Getr\u00e4nke im a la Carte Restaurant im Hotel in Reykjavik<\/li>\n<li>Alle Tischgetr\u00e4nke in der H\u00fctte oder Hotel sowie w\u00e4hrend der Fahrt im Auto<\/li>\n<li>Mittagessen<\/li>\n<li>Spritkosten f\u00fcr die Gel\u00e4ndewagen, wir fahren etwa 2.100 bis 2.400 Kilometer<\/li>\n<li>Besuche in den \u00f6ffentlichen Hot Spots ( z.B. Forestlagon\/AkuryriI oder Jarobad\/M\u00fcckensee)<\/li>\n<\/ul>\n<p>Alkohol im Dutyfree Shop am Flughafen einf\u00fchren oder in Island in einer Vinbudin kaufen.<br \/>Im Hochland Hotel gibt es ein Lounge, wo wir am Kamin entspannt trinken k\u00f6nnen. Eine Kaffee- bzw. Tee-K\u00fcche ist ebenfalls vorhanden.<\/p>\n<p>[\/et_pb_text][\/et_pb_column][et_pb_column type=&#8220;1_3&#8243; _builder_version=&#8220;4.23.1&#8243; _module_preset=&#8220;default&#8220; global_colors_info=&#8220;{}&#8220;][et_pb_text _builder_version=&#8220;4.27.6&#8243; _module_preset=&#8220;default&#8220; custom_margin=&#8220;0px||0px||false|false&#8220; custom_padding=&#8220;0px||0px|0px|false|false&#8220; hover_enabled=&#8220;0&#8243; global_colors_info=&#8220;{}&#8220; sticky_enabled=&#8220;0&#8243;]<\/p>\n<h2><span style=\"text-decoration: underline; color: #000000;\">Termin 2027<\/span><\/h2>\n<h4>07.02.2027 &#8211; 16.02.2027<\/h4>\n<p>[\/et_pb_text][\/et_pb_column][\/et_pb_row][\/et_pb_section]<\/p>\n","protected":false},"excerpt":{"rendered":"<p>Telefon\/WhatsApp: +49-171 144 3884Reise\u00fcbersicht: 4&#215;4 Offroad TermineBeratung\/Anmeldung: ANMELDEFORMULARIsland &#8222;Fire &amp; Ice Northern Lights&#8220;4&#215;4 Reise &#8211; Hotel Island Bespoke &#8211; offene Gruppe mit 5 bis 6 Teilnehmer-Fahrzeugen Eure unvergessliche Reise gef\u00fchrte Offroadreise im Winter auf Island. Ich m\u00f6chte Euch einstimmen was auf Euch zu kommen k\u00f6nnte. Die gef\u00fchrte Offroad Reise startet mit einem Direktflug mit Icelandair [&hellip;]<\/p>\n","protected":false},"author":1,"featured_media":0,"parent":0,"menu_order":0,"comment_status":"closed","ping_status":"closed","template":"","meta":{"_et_pb_use_builder":"on","_et_pb_old_content":"","_et_gb_content_width":"","footnotes":""},"class_list":["post-655","page","type-page","status-publish","hentry"],"yoast_head":"<!-- This site is optimized with the Yoast SEO Premium plugin v27.0 (Yoast SEO v27.3) - https:\/\/yoast.com\/product\/yoast-seo-premium-wordpress\/ -->\n<title>Offroadreisen Island Hotel: Abenteuer im Winter erleben<\/title>\n<meta name=\"description\" content=\"Starten Sie Ihre Offroadreise in Island mit dem Island offroad Hotel f\u00fcr ein au\u00dfergew\u00f6hnliches Abenteuer im Winter.\" \/>\n<meta name=\"robots\" content=\"index, follow, max-snippet:-1, max-image-preview:large, max-video-preview:-1\" \/>\n<link rel=\"canonical\" href=\"https:\/\/4x4-experience.de\/4x4\/island-northern-lights\/\" \/>\n<meta property=\"og:locale\" content=\"de_DE\" \/>\n<meta property=\"og:type\" content=\"article\" \/>\n<meta property=\"og:title\" content=\"Island Northern Light\" \/>\n<meta property=\"og:description\" content=\"Starten Sie Ihre Offroadreise in Island mit dem Island offroad Hotel f\u00fcr ein au\u00dfergew\u00f6hnliches Abenteuer im Winter.\" \/>\n<meta property=\"og:url\" content=\"https:\/\/4x4-experience.de\/4x4\/island-northern-lights\/\" \/>\n<meta property=\"og:site_name\" content=\"4x4 Experience, Offroadreise, Offroad Reisen\" \/>\n<meta property=\"article:publisher\" content=\"https:\/\/www.facebook.com\/www.4x4Experience\/\" \/>\n<meta property=\"article:modified_time\" content=\"2026-03-19T12:32:40+00:00\" \/>\n<meta name=\"twitter:card\" content=\"summary_large_image\" \/>\n<meta name=\"twitter:label1\" content=\"Gesch\u00e4tzte Lesezeit\" \/>\n\t<meta name=\"twitter:data1\" content=\"8\u00a0Minuten\" \/>\n<script type=\"application\/ld+json\" class=\"yoast-schema-graph\">{\"@context\":\"https:\\\/\\\/schema.org\",\"@graph\":[{\"@type\":\"WebPage\",\"@id\":\"https:\\\/\\\/4x4-experience.de\\\/4x4\\\/island-northern-lights\\\/\",\"url\":\"https:\\\/\\\/4x4-experience.de\\\/4x4\\\/island-northern-lights\\\/\",\"name\":\"Offroadreisen Island Hotel: Abenteuer im Winter erleben\",\"isPartOf\":{\"@id\":\"https:\\\/\\\/4x4-experience.de\\\/4x4\\\/#website\"},\"datePublished\":\"2024-05-08T09:34:47+00:00\",\"dateModified\":\"2026-03-19T12:32:40+00:00\",\"description\":\"Starten Sie Ihre Offroadreise in Island mit dem Island offroad Hotel f\u00fcr ein au\u00dfergew\u00f6hnliches Abenteuer im Winter.\",\"breadcrumb\":{\"@id\":\"https:\\\/\\\/4x4-experience.de\\\/4x4\\\/island-northern-lights\\\/#breadcrumb\"},\"inLanguage\":\"de\",\"potentialAction\":[{\"@type\":\"ReadAction\",\"target\":[\"https:\\\/\\\/4x4-experience.de\\\/4x4\\\/island-northern-lights\\\/\"]}]},{\"@type\":\"BreadcrumbList\",\"@id\":\"https:\\\/\\\/4x4-experience.de\\\/4x4\\\/island-northern-lights\\\/#breadcrumb\",\"itemListElement\":[{\"@type\":\"ListItem\",\"position\":1,\"name\":\"Startseite\",\"item\":\"https:\\\/\\\/4x4-experience.de\\\/4x4\\\/\"},{\"@type\":\"ListItem\",\"position\":2,\"name\":\"Island Northern Light\"}]},{\"@type\":\"WebSite\",\"@id\":\"https:\\\/\\\/4x4-experience.de\\\/4x4\\\/#website\",\"url\":\"https:\\\/\\\/4x4-experience.de\\\/4x4\\\/\",\"name\":\"4x4 Experience, Offroadreise, Offroad Reisen\",\"description\":\"4x4 Offroad Europa und Nordafrika\",\"potentialAction\":[{\"@type\":\"SearchAction\",\"target\":{\"@type\":\"EntryPoint\",\"urlTemplate\":\"https:\\\/\\\/4x4-experience.de\\\/4x4\\\/?s={search_term_string}\"},\"query-input\":{\"@type\":\"PropertyValueSpecification\",\"valueRequired\":true,\"valueName\":\"search_term_string\"}}],\"inLanguage\":\"de\"}]}<\/script>\n<!-- \/ Yoast SEO Premium plugin. -->","yoast_head_json":{"title":"Offroadreisen Island Hotel: Abenteuer im Winter erleben","description":"Starten Sie Ihre Offroadreise in Island mit dem Island offroad Hotel f\u00fcr ein au\u00dfergew\u00f6hnliches Abenteuer im Winter.","robots":{"index":"index","follow":"follow","max-snippet":"max-snippet:-1","max-image-preview":"max-image-preview:large","max-video-preview":"max-video-preview:-1"},"canonical":"https:\/\/4x4-experience.de\/4x4\/island-northern-lights\/","og_locale":"de_DE","og_type":"article","og_title":"Island Northern Light","og_description":"Starten Sie Ihre Offroadreise in Island mit dem Island offroad Hotel f\u00fcr ein au\u00dfergew\u00f6hnliches Abenteuer im Winter.","og_url":"https:\/\/4x4-experience.de\/4x4\/island-northern-lights\/","og_site_name":"4x4 Experience, Offroadreise, Offroad Reisen","article_publisher":"https:\/\/www.facebook.com\/www.4x4Experience\/","article_modified_time":"2026-03-19T12:32:40+00:00","twitter_card":"summary_large_image","twitter_misc":{"Gesch\u00e4tzte Lesezeit":"8\u00a0Minuten"},"schema":{"@context":"https:\/\/schema.org","@graph":[{"@type":"WebPage","@id":"https:\/\/4x4-experience.de\/4x4\/island-northern-lights\/","url":"https:\/\/4x4-experience.de\/4x4\/island-northern-lights\/","name":"Offroadreisen Island Hotel: Abenteuer im Winter erleben","isPartOf":{"@id":"https:\/\/4x4-experience.de\/4x4\/#website"},"datePublished":"2024-05-08T09:34:47+00:00","dateModified":"2026-03-19T12:32:40+00:00","description":"Starten Sie Ihre Offroadreise in Island mit dem Island offroad Hotel f\u00fcr ein au\u00dfergew\u00f6hnliches Abenteuer im Winter.","breadcrumb":{"@id":"https:\/\/4x4-experience.de\/4x4\/island-northern-lights\/#breadcrumb"},"inLanguage":"de","potentialAction":[{"@type":"ReadAction","target":["https:\/\/4x4-experience.de\/4x4\/island-northern-lights\/"]}]},{"@type":"BreadcrumbList","@id":"https:\/\/4x4-experience.de\/4x4\/island-northern-lights\/#breadcrumb","itemListElement":[{"@type":"ListItem","position":1,"name":"Startseite","item":"https:\/\/4x4-experience.de\/4x4\/"},{"@type":"ListItem","position":2,"name":"Island Northern Light"}]},{"@type":"WebSite","@id":"https:\/\/4x4-experience.de\/4x4\/#website","url":"https:\/\/4x4-experience.de\/4x4\/","name":"4x4 Experience, Offroadreise, Offroad Reisen","description":"4x4 Offroad Europa und Nordafrika","potentialAction":[{"@type":"SearchAction","target":{"@type":"EntryPoint","urlTemplate":"https:\/\/4x4-experience.de\/4x4\/?s={search_term_string}"},"query-input":{"@type":"PropertyValueSpecification","valueRequired":true,"valueName":"search_term_string"}}],"inLanguage":"de"}]}},"_links":{"self":[{"href":"https:\/\/4x4-experience.de\/4x4\/wp-json\/wp\/v2\/pages\/655","targetHints":{"allow":["GET"]}}],"collection":[{"href":"https:\/\/4x4-experience.de\/4x4\/wp-json\/wp\/v2\/pages"}],"about":[{"href":"https:\/\/4x4-experience.de\/4x4\/wp-json\/wp\/v2\/types\/page"}],"author":[{"embeddable":true,"href":"https:\/\/4x4-experience.de\/4x4\/wp-json\/wp\/v2\/users\/1"}],"replies":[{"embeddable":true,"href":"https:\/\/4x4-experience.de\/4x4\/wp-json\/wp\/v2\/comments?post=655"}],"version-history":[{"count":31,"href":"https:\/\/4x4-experience.de\/4x4\/wp-json\/wp\/v2\/pages\/655\/revisions"}],"predecessor-version":[{"id":3532,"href":"https:\/\/4x4-experience.de\/4x4\/wp-json\/wp\/v2\/pages\/655\/revisions\/3532"}],"wp:attachment":[{"href":"https:\/\/4x4-experience.de\/4x4\/wp-json\/wp\/v2\/media?parent=655"}],"curies":[{"name":"wp","href":"https:\/\/api.w.org\/{rel}","templated":true}]}}